ive f(-85).
288
Let o(z) = -z**3 - 24*z**2 - 36*z + 479. Give o(-21).
-88
Let j(a) = a**2 - 4921*a + 175740. What is j(36)?
-120
Let l(v) = 211*v - 2961. Calculate l(15).
204
Let x(v) = -2*v**2 + 13426*v + 13426. What is x(-1)?
-2
Let y(r) = 4156*r - 104494. Determine y(25).
-594
Let o(t) = 179*t - 21741. What is o(122)?
97
Let n(t) = -t**3 - 2852*t**2 + 973293*t - 4000. What is n(308)?
4
Let l(t) = -1268*t - 140722. Calculate l(-111).
26
Let g(y) = 2*y**3 + 143*y**2 - 4217*y + 1235. Give g(-94).
13
Let c(q) = 13401*q + 187622. Calculate c(-14).
8
Let i(y) = -2*y**2 + 45839*y - 641347. Calculate i(14).
7
Let q(f) = -78227*f + 2268571. Give q(29).
-12
Let a(x) = -2*x**3 - 268*x**2 + 304*x + 4193. What is a(-135)?
-397
Let w(f) = -2*f**2 + 13*f - 60. What is w(9)?
-105
Let f(x) = -x**3 - 4*x**2 + 19*x - 5. What is f(-10)?
405
Let h(i) = 4*i**2 + 626*i - 7088. Determine h(-167).
-74
Let x(k) = 45267*k - 5069896. What is x(112)?
8
Let n(k) = -142*k**3 - 710*k**2 + 31*k + 151. What is n(-5)?
-4
Let y(c) = 124623*c + 124655. What is y(-1)?
32
Let h(o) = -3990*o + 119665. What is h(30)?
-35
Let v(b) = -29*b**3 - 11*b**2 + 1105*b - 4398. What is v(4)?
-2010
Let h(c) = -438433*c + 438446. Calculate h(1).
13
Let t(w) = 8*w**3 + 4*w**2 + 33500*w - 67012. What is t(2)?
68
Let s(u) = -947*u**2 + 20238*u - 7372. What is s(21)?
-1
Let v(l) = -238*l + 12413. Determine v(54).
-439
Let m(b) = b**3 + 72*b**2 + 8853*b + 522027. Calculate m(-63).
9
Let o(f) = -6*f**2 + 669*f - 18643. What is o(57)?
-4
Let i(g) = 4579*g + 503682. Calculate i(-110).
-8
Let h(p) = -485*p - 30638. Calculate h(-64).
402
Let w(i) = -1813*i - 169058. Calculate w(-93).
-449
Let o(d) = -50*d**2 + 2*d + 140. Determine o(0).
140
Let a(w) = 6*w**3 - 5*w**2 + 801*w + 1615. What is a(-2)?
-55
Let c(s) = 5425*s + 16320. Calculate c(-3).
45
Let f(c) = 187*c**2 + 3403*c + 642. Give f(-18).
-24
Let v(c) = -29*c**3 - 3*c**2 + 5*c + 12. What is v(3)?
-783
Let l(f) = 134*f**2 + 121*f - 19. What is l(5)?
3936
Let i(z) = 2246*z + 19823. What is i(-9)?
-391
Let w(a) = -2*a**2 + 622*a - 1250. What is w(2)?
-14
Let z(m) = m**3 + 29*m**2 + 413*m + 10842. Give z(-28).
62
Let k(t) = 19*t**3 - 5169*t**2 + 234*t + 10375. Give k(272).
39
Let f(l) = -94*l + 2222. Calculate f(29).
-504
Let c(z) = -z**2 - 35*z + 97050. What is c(294)?
324
Let b(z) = z**2 - 889*z + 55050. What is b(63)?
3012
Let x(h) = 922*h + 661071. What is x(-717)?
-3
Let w(j) = -j**2 + 8230*j - 49457. Give w(6).
-113
Let j(o) = 6*o**2 - 476*o + 3811. What is j(9)?
13
Let v(k) = -52*k - 4839. Give v(-131).
1973
Let a(n) = 41980*n - 461792. Determine a(11).
-12
Let b(r) = -r**3 + 367*r**2 + 15848*r - 5811. Determine b(406).
-127
Let p(d) = -24*d - 3168. Calculate p(-109).
-552
Let k(m) = m**2 - 452*m - 57158. Give k(-103).
7
Let a(t) = -997*t - 453649. Determine a(-455).
-14
Let q(n) = 34*n**3 - 1527*n**2 - 146*n - 75. Give q(45).
-570
Let g(t) = -234199*t + 2341970. Determine g(10).
-20
Let o(g) = 480*g + 68213. Give o(-142).
53
Let s(c) = c**2 + 49*c + 541. What is s(-43)?
283
Let b(x) = -74*x**3 - 18*x**2 + 34*x. Determine b(2).
-596
Let i(y) = 32*y**2 + 1231*y + 5330. Give i(-5).
-25
Let r(d) = 833499*d + 13. Determine r(0).
13
Let r(l) = 5*l**2 - 429*l - 1475. Determine r(88).
-507
Let n(k) = -26466*k + 79743. What is n(3)?
345
Let s(y) = -697*y + 29655. Calculate s(42).
381
Let z(c) = c**2 + 191973*c + 575909. Determine z(-3).
-1
Let c(n) = 50*n**3 - 5148*n**2 - 206*n + 1. Determine c(103).
1
Let c(u) = 4280*u + 624889. Calculate c(-146).
9
Let a(j) = 7824*j + 250333. Determine a(-32).
-35
Let j(d) = -65*d**2 - 364*d - 94. What is j(-6)?
-250
Let j(x) = -24*x**3 - 5517*x**2 - 37454*x - 71. What is j(-7)?
6
Let i(q) = -6*q**3 - 9*q - 66. Give i(-4).
354
Let i(d) = 8813*d + 211548. Give i(-24).
36
Let c(g) = -3*g**3 - 39*g**2 - 112*g + 164. Give c(-9).
200
Let k(a) = 4*a**3 + 88*a**2 + 224*a - 1134. Determine k(-5).
-554
Let w(u) = -3350*u - 40297. Determine w(-12).
-97
Let u(f) = f**3 + 395*f**2 - 1584*f + 21. Give u(4).
69
Let h(c) = -c**2 + 38539*c - 1001340. Calculate h(26).
-2
Let k(d) = 187*d**2 + 498*d - 520. Determine k(1).
165
Let f(r) = r**3 - 1105*r**2 - 5959*r + 4145710. What is f(1107)?
-5
Let p(o) = 397752*o - 795508. What is p(2)?
-4
Let v(z) = 153*z**2 + 1337*z + 1866. Give v(-7).
4
Let l(s) = -942*s + 439905. Calculate l(467).
-9
Let w(b) = -67199*b + 16866949. Give w(251).
0
Let i(w) = -7*w**3 - 1430*w**2 - 710*w - 61602. What is i(-204)?
6
Let g(j) = 88*j**2 - 2899*j + 2672. Calculate g(32).
16
Let r(i) = -i**3 - 22*i**2 - 99*i + 86. What is r(-10)?
-124
Let n(m) = -508*m**2 - 5078*m - 194. Calculate n(-10).
-214
Let z(x) = -5310*x**2 - 74331*x + 36. Calculate z(-14).
-90
Let y(z) = z**2 - 26*z - 1888. What is y(-31)?
-121
Let a(h) = 74*h**3 - 5*h**2 - 14*h - 8. Calculate a(-1).
-73
Let d(c) = 2*c**3 - 93*c**2 + 264*c - 15300. Calculate d(47).
-683
Let x(o) = -o**3 + 214*o**2 - 419*o - 946. Calculate x(212).
114
Let u(q) = 3*q**2 + 1560*q - 248823. Give u(-648).
9
Let x(k) = -430*k**2 - 24507*k + 69. Give x(-57).
-102
Let c(v) = -1986*v - 31608. What is c(-16)?
168
Let j(a) = -a**3 + 70*a**2 - 552*a + 1156. What is j(4)?
4
Let j(s) = 10*s**3 + 129*s**2 + 32*s - 1016. Calculate j(-12).
-104
Let a(w) = 144493*w + 4334791. Calculate a(-30).
1
Let i(f) = f**2 + 55*f + 259. What is i(-51)?
55
Let n(b) = b**2 - 234*b + 12581. Calculate n(146).
-267
Let w(x) = -x**3 - 7*x**2 + 14912*x - 10337. What is w(-126)?
-5
Let x(c) = c**3 - 27*c**2 + 123*c + 760. Calculate x(18).
58
Let s(w) = -18*w**2 - 85*w + 22. Calculate s(2).
-220
Let q(l) = -1186869*l - 2373739. Calculate q(-2).
-1
Let l(i) = 2*i**2 - 211*i + 541. Calculate l(87).
-2678
Let n(r) = -21*r - 1667. Determine n(-45).
-722
Let i(m) = m**3 - 134*m**2 - 3*m + 1524. Give i(134).
1122
Let w(z) = z**3 - 21*z**2 - 96*z + 1755. Determine w(22).
127
Let g(o) = 24*o**2 + 228*o + 469. What is g(-9)?
361
Let x(v) = -15*v**2 + 614*v - 1139. Give x(39).
-8
Let m(d) = -6*d**3 - 43*d**2 - 38*d - 15. What is m(-6)?
-39
Let d(x) = 2*x**3 + 176*x**2 + 1186*x + 72483. Calculate d(-86).
71
Let c(u) = 75817*u - 1364711. What is c(18)?
-5
Let z(s) = s**3 - 10*s**2 + 397*s - 2945. Determine z(8).
103
Let d(n) = -3*n**2 + 46*n + 1246. Determine d(-16).
-258
Let p(q) = -q**3 + 214*q**2 + 422*q + 2169. Calculate p(216).
9
Let a(q) = 35309*q - 565123. Give a(16).
-179
Let n(x) = -4*x**3 - 50*x**2 + 19*x - 94. Give n(-13).
-3
Let n(q) = -q**2 - 1246*q + 299104. Determine n(206).
-8
Let p(j) = -8*j**2 + 187*j + 25533. What is p(-46)?
3
Let w(y) = 54143*y + 1136995. Determine w(-21).
-8
Let q(u) = u**2 - 218*u - 70669. Determine q(396).
-181
Let o(g) = -1363492*g + 4090467. What is o(3)?
-9
Let m(o) = 3*o**3 + 182*o**2 - 173*o + 4649. Determine m(-62).
-1
Let n(m) = 3*m**3 - 533*m**2 - 5231*m - 913. Calculate n(187).
22
Let o(x) = -1936*x**3 - 3*x**2 - 362*x + 364. What is o(1)?
-1937
Let x(a) = -8259*a - 58378. What is x(-7)?
-565
Let m(j) = j**2 + 33*j - 222. Calculate m(-10).
-452
Let r(a) = -1678*a + 23198. Give r(14).
-294
Let x(g) = -304*g + 45034. What is x(153)?
-1478
Let d(l) = 187184*l + 128. Determine d(0).
128
Let m(k) = 1246*k - 18667. Calculate m(15).
23
Let m(u) = -4604*u + 50866. Determine m(11).
222
Let m(n) = -451*n - 22896. Calculate m(-50).
-346
Let y(u) = 34649*u - 242797. Determine y(7).
-254
Let j(q) = -5*q**3 - 7452*q**2 - 2810*q + 253294. Give j(-1490).
-6
Let b(w) = -109*w**2 + 43*w - 5. Calculate b(2).
-355
Let w(d) = 539*d + 93518. Determine w(-171).
1349
Let c(m) = 5*m**2 - 29505*m + 176943. Calculate c(6).
93
Let b(w) = 599258*w - 4794057. What is b(8)?
7
Let j(a) = -199*a + 17507. What is j(88)?
-5
Let y(o) = -6*o**2 - 410*o + 2525. Give y(-74).
9
Let w(b) = -341*b**2 - 2950*b + 15. Give w(-9).
-1056
Let w(x) = -x**3 + 580*x**2 + 5800*x - 3364004. Calculate w(580).
-4
Let t(a) = 1784*a - 140865. What is t(79)?
71
Let i(o) = -o**2 + 379*o - 9815. Calculate i(28).
13
Let v(i) = 37*i**2 - 119*i + 518. Give v(6).
1136
Let b(h) = 2*h**2 + 222*h - 28427. Calculate b(-187).
-3
Let c(z) = 6890*z - 854432. Determine c(124).
-72
Let q(z) = z**3 - 118*z**2 - 48*z + 5668. What is q(118)?
4
Let w(p) = 1227*p - 47757. Give w(42).
3777
Let x(r) = -r**3 - 1952*r**2 + 56*r - 5. Give x(